ivided by 1121.
1120
Calculate the remainder when 15472321 is divided by 72300.
121
What is the remainder when 107495143 is divided by 2398?
2395
Calculate the remainder when 2511992 is divided by 837228.
308
Calculate the remainder when 595010654 is divided by 2605.
2604
Calculate the remainder when 185956 is divided by 289.
129
What is the remainder when 39355 is divided by 19518?
319
What is the remainder when 58537 is divided by 9649?
643
What is the remainder when 168402581 is divided by 1063?
1058
What is the remainder when 286280 is divided by 15?
5
Calculate the remainder when 1566595 is divided by 8801.
17
What is the remainder when 28571584 is divided by 2099?
2095
Calculate the remainder when 75565 is divided by 37568.
429
What is the remainder when 42575 is divided by 5818?
1849
Calculate the remainder when 7719174 is divided by 133089.
12
Calculate the remainder when 33068844 is divided by 46.
42
What is the remainder when 217089 is divided by 4?
1
Calculate the remainder when 56428 is divided by 11064.
1108
What is the remainder when 8714720 is divided by 95765?
105
What is the remainder when 145308 is divided by 19945?
5693
What is the remainder when 400223 is divided by 1870?
43
What is the remainder when 20016600 is divided by 58?
46
Calculate the remainder when 111178 is divided by 255.
253
Calculate the remainder when 49535928 is divided by 1203.
1200
What is the remainder when 489601 is divided by 71?
56
Calculate the remainder when 1892936 is divided by 5394.
5036
Calculate the remainder when 45859 is divided by 5543.
1515
What is the remainder when 69138860 is divided by 33?
32
What is the remainder when 2392336 is divided by 50?
36
What is the remainder when 120549 is divided by 98?
9
What is the remainder when 1604707 is divided by 223?
222
Calculate the remainder when 312594428 is divided by 12.
8
What is the remainder when 474674 is divided by 236906?
862
What is the remainder when 380978 is divided by 126985?
23
Calculate the remainder when 7897027 is divided by 1291.
1271
What is the remainder when 38283926 is divided by 33?
32
Calculate the remainder when 8475 is divided by 5887.
2588
Calculate the remainder when 108081 is divided by 35166.
2583
What is the remainder when 346666 is divided by 4881?
115
Calculate the remainder when 136683494 is divided by 65.
64
Calculate the remainder when 1972356 is divided by 205.
51
Calculate the remainder when 16200012 is divided by 1327.
1323
What is the remainder when 10123947 is divided by 591?
117
What is the remainder when 54612364 is divided by 537?
1
What is the remainder when 10068365 is divided by 251?
2
Calculate the remainder when 53003440 is divided by 9644.
16
What is the remainder when 15410 is divided by 2587?
2475
What is the remainder when 14546273 is divided by 519509?
21
Calculate the remainder when 51202 is divided by 7187.
893
Calculate the remainder when 1399004 is divided by 2301.
2297
What is the remainder when 3678490 is divided by 390?
10
What is the remainder when 10700979 is divided by 5350475?
29
What is the remainder when 9905323 is divided by 12124?
15
Calculate the remainder when 281112 is divided by 28101.
102
Calculate the remainder when 176700 is divided by 13444.
1928
What is the remainder when 10352779 is divided by 3450862?
193
What is the remainder when 881101 is divided by 879332?
1769
What is the remainder when 238770 is divided by 1206?
1188
Calculate the remainder when 3424726 is divided by 14.
4
Calculate the remainder when 2560263 is divided by 9015.
3
Calculate the remainder when 6266761 is divided by 526.
523
Calculate the remainder when 996955 is divided by 24.
19
Calculate the remainder when 1539671 is divided by 8279.
8056
What is the remainder when 48916 is divided by 48487?
429
Calculate the remainder when 2496905 is divided by 47.
30
What is the remainder when 2035965 is divided by 2035942?
23
What is the remainder when 703964 is divided by 18525?
14
What is the remainder when 176180843 is divided by 7847?
7846
What is the remainder when 3191242 is divided by 111?
103
Calculate the remainder when 1965936 is divided by 63414.
102
Calculate the remainder when 26361 is divided by 33.
27
Calculate the remainder when 1582093 is divided by 738.
559
Calculate the remainder when 75108772 is divided by 1747.
1
What is the remainder when 18567 is divided by 6091?
294
Calculate the remainder when 156280 is divided by 278.
44
Calculate the remainder when 1427851 is divided by 3079.
2274
What is the remainder when 65847232 is divided by 38?
34
What is the remainder when 6575491 is divided by 1643?
205
Calculate the remainder when 19315299 is divided by 3249.
3243
What is the remainder when 77762474 is divided by 1575?
1574
Calculate the remainder when 2072700 is divided by 1692.
0
What is the remainder when 9100168 is divided by 18802?
0
Calculate the remainder when 126336 is divided by 63036.
264
Calculate the remainder when 720040 is divided by 13844.
152
What is the remainder when 26831838 is divided by 1120?
1118
Calculate the remainder when 834339 is divided by 2657.
41
Calculate the remainder when 414398 is divided by 9864.
110
What is the remainder when 34626 is divided by 16832?
962
Calculate the remainder when 6309901 is divided by 770.
521
What is the remainder when 81960 is divided by 774?
690
Calculate the remainder when 1547658 is divided by 8646.
24
What is the remainder when 1603127 is divided by 108?
83
What is the remainder when 433220 is divided by 39374?
106
Calculate the remainder when 2632946 is divided by 170.
156
Calculate the remainder when 6186562 is divided by 22415.
22
Calculate the remainder when 1015429045 is divided by 949.
943
Calculate the remainder when 54541660 is divided by 424.
420
Calculate the remainder when 78439 is divided by 453.
70
What is the remainder when 13689 is divided by 521?
143
What is the remainder when 499529 is divided by 124848?
137
Calculate the remainder when 2814068 is divided by 1665.
218
Calculate the remainder when 59970098 is divided by 47.
25
Calculate the remainder when 27092322 is divided by 2405.
2402
Calculate the remainder when 552646 is divided by 1605.
526
What is the remainder when 88285185 is divided by 29816?
9
What is the remainder when 1130386 is divided by 34247?
235
What is the remainder when 27315428 is divided by 1394?
1392
What is the remainder when 107678 is divided by 476?
102
Calculate the remainder when 289417 is divided by 1258.
77
Calculate the remainder when 10460539 is divided by 10.
9
Calculate the remainder when 130799 is divided by 8173.
31
What is the remainder when 7907073 is divided by 11784?
9
Calculate the remainder when 812210 is divided by 4343.
69
What is the remainder when 12366682 is divided by 198?
196
What is the remainder when 7895168 is divided by 3947492?
184
What is the remainder when 9295323 is divided by 192?
27
Calculate the remainder when 3091400 is divided by 19201.
39
Calculate the remainder when 22155145 is divided by 86.
83
Calculate the remainder when 85407 is divided by 7727.
410
Calculate the remainder when 5926769 is divided by 221.
212
Calculate the remainder when 61422057 is divided by 543558.
3
What is the remainder when 388554 is divided by 3847?
7
What is the remainder when 1729751 is divided by 652?
647
Calculate the remainder when 3046536 is divided by 2935.
6
What is the remainder when 3279826 is divided by 1148?
1138
Calculate the remainder when 6547325 is divided by 363.
257
Calculate the remainder when 1485423 is divided by 704.
687
Calculate the remainder when 36591 is divided by 195.
126
What is the remainder when 2591685 is divided by 2312?
2245
Calculate the remainder when 24956427 is divided by 34.
19
What is the remainder when 3468402 is divided by 805?
462
What is the remainder when 16166072 is divided by 56?
48
What is the remainder when 124610 is divided by 1066?
954
What is the remainder when 14314758 is divided by 181?
11
Calculate the remainder when 48541 is divided by 48466.
75
What is the remainder when 107641031 is divided by 69?
65
What is the remainder when 1546514 is divided by 1275?
1214
Calculate the remainder when 212605 is divided by 493.
122
What is the remainder when 18435 is divide